{"id":3878,"date":"2026-08-27T12:30:26","date_gmt":"2026-08-27T10:30:26","guid":{"rendered":"https:\/\/feriadelaciencia.org\/01_FERIACIENCIA\/?page_id=3878"},"modified":"2026-08-27T13:22:48","modified_gmt":"2026-08-27T11:22:48","slug":"25b-feria-entidades-y-asociaciones","status":"publish","type":"page","link":"https:\/\/feriadelaciencia.org\/01_FERIACIENCIA\/index.php\/convocatorias\/25b-feria-entidades-y-asociaciones\/","title":{"rendered":"25B Feria entidades y asociaciones"},"content":{"rendered":"<p>[et_pb_section fb_built=\u00bb1&#8243; _builder_version=\u00bb4.16&#8243; _module_preset=\u00bbdefault\u00bb global_colors_info=\u00bb{}\u00bb][et_pb_row column_structure=\u00bb1_3,1_3,1_3&#8243; _builder_version=\u00bb4.16&#8243; _module_preset=\u00bbdefault\u00bb width=\u00bb51%\u00bb max_width=\u00bb1356px\u00bb module_alignment=\u00bbcenter\u00bb custom_margin=\u00bb-48px|auto||auto||\u00bb custom_padding=\u00bb9px|||||\u00bb global_colors_info=\u00bb{}\u00bb][et_pb_column type=\u00bb1_3&#8243; _builder_version=\u00bb4.16&#8243; _module_preset=\u00bbdefault\u00bb global_colors_info=\u00bb{}\u00bb][et_pb_image src=\u00bbhttps:\/\/feriadelaciencia.org\/01_FERIACIENCIA\/wp-content\/uploads\/2022\/09\/General-300&#215;200.jpg\u00bb title_text=\u00bbGeneral\u00bb _builder_version=\u00bb4.27.8&#8243; _module_preset=\u00bbdefault\u00bb custom_margin=\u00bb||-28px|||\u00bb global_colors_info=\u00bb{}\u00bb][\/et_pb_image][\/et_pb_column][et_pb_column type=\u00bb1_3&#8243; _builder_version=\u00bb4.16&#8243; _module_preset=\u00bbdefault\u00bb global_colors_info=\u00bb{}\u00bb][et_pb_image src=\u00bbhttps:\/\/feriadelaciencia.org\/01_FERIACIENCIA\/wp-content\/uploads\/2022\/09\/Experimentos-quimica-300&#215;200.jpg\u00bb title_text=\u00bbExperimentos qu\u00edmica\u00bb _builder_version=\u00bb4.16&#8243; _module_preset=\u00bbdefault\u00bb global_colors_info=\u00bb{}\u00bb][\/et_pb_image][\/et_pb_column][et_pb_column type=\u00bb1_3&#8243; _builder_version=\u00bb4.16&#8243; _module_preset=\u00bbdefault\u00bb global_colors_info=\u00bb{}\u00bb][et_pb_image src=\u00bbhttps:\/\/feriadelaciencia.org\/01_FERIACIENCIA\/wp-content\/uploads\/2022\/09\/feriaciencia2015-1-300&#215;194.jpg\u00bb title_text=\u00bbferiaciencia2015-1&#8243; _builder_version=\u00bb4.16&#8243; _module_preset=\u00bbdefault\u00bb global_colors_info=\u00bb{}\u00bb][\/et_pb_image][\/et_pb_column][\/et_pb_row][et_pb_row _builder_version=\u00bb4.27.8&#8243; _module_preset=\u00bbdefault\u00bb custom_margin=\u00bb|auto|-24px|auto||\u00bb custom_padding=\u00bb0px|||||\u00bb global_colors_info=\u00bb{}\u00bb][et_pb_column type=\u00bb4_4&#8243; _builder_version=\u00bb4.16&#8243; _module_preset=\u00bbdefault\u00bb global_colors_info=\u00bb{}\u00bb][et_pb_text _builder_version=\u00bb4.27.8&#8243; _module_preset=\u00bbdefault\u00bb custom_margin=\u00bb-17px||-11px|||\u00bb custom_padding=\u00bb8px||3px|||\u00bb global_colors_info=\u00bb{}\u00bb]<\/p>\n<h2 class=\"titulo-pagina\" style=\"text-align: center;\"><strong><span style=\"color: #0000ff;\">Convocatoria Asociaciones y ONGs<\/span><\/strong><\/h2>\n<p>[\/et_pb_text][\/et_pb_column][\/et_pb_row][et_pb_row _builder_version=\u00bb4.27.8&#8243; _module_preset=\u00bbdefault\u00bb global_colors_info=\u00bb{}\u00bb custom_padding=\u00bb||0px|||\u00bb][et_pb_column type=\u00bb4_4&#8243; _builder_version=\u00bb4.27.8&#8243; _module_preset=\u00bbdefault\u00bb global_colors_info=\u00bb{}\u00bb][et_pb_divider _builder_version=\u00bb4.27.8&#8243; _module_preset=\u00bbdefault\u00bb custom_margin=\u00bb||-24px|||\u00bb global_colors_info=\u00bb{}\u00bb][\/et_pb_divider][\/et_pb_column][\/et_pb_row][et_pb_row column_structure=\u00bb1_2,1_2&#8243; _builder_version=\u00bb4.27.8&#8243; _module_preset=\u00bbdefault\u00bb custom_padding=\u00bb8px|||||\u00bb global_colors_info=\u00bb{}\u00bb][et_pb_column type=\u00bb1_2&#8243; _builder_version=\u00bb4.27.8&#8243; _module_preset=\u00bbdefault\u00bb global_colors_info=\u00bb{}\u00bb][et_pb_cta button_text=\u00bbClics\u00bb _builder_version=\u00bb4.27.8&#8243; _module_preset=\u00bbdefault\u00bb custom_padding=\u00bb19px||0px|||\u00bb global_colors_info=\u00bb{}\u00bb]<\/p>\n<p><span style=\"font-size: medium;\">La organizaci\u00f3n dispone de una bater\u00eda de posibilidades especiales de colaboraci\u00f3n para Asociaciones y ONGs para que estas enriquezcan los contenidos de la feria con sus actividades y mensaje.<\/span><\/p>\n<p>[\/et_pb_cta][\/et_pb_column][et_pb_column type=\u00bb1_2&#8243; _builder_version=\u00bb4.27.8&#8243; _module_preset=\u00bbdefault\u00bb global_colors_info=\u00bb{}\u00bb][et_pb_cta button_text=\u00bbClics\u00bb _builder_version=\u00bb4.27.8&#8243; _module_preset=\u00bbdefault\u00bb custom_padding=\u00bb19px||0px|||\u00bb global_colors_info=\u00bb{}\u00bb]<\/p>\n<p><span style=\"font-size: medium;\">Para tener en cuenta vuestra voluntad de participaci\u00f3n completar el formulario de esta p\u00e1ginay nos pondremos en contacto con vosotros para a partir del mes de febrero de 2027.\u00a0<\/span><\/p>\n<p>[\/et_pb_cta][\/et_pb_column][\/et_pb_row][et_pb_row _builder_version=\u00bb4.27.8&#8243; _module_preset=\u00bbdefault\u00bb custom_padding=\u00bb0px|||||\u00bb][et_pb_column _builder_version=\u00bb4.27.8&#8243; _module_preset=\u00bbdefault\u00bb type=\u00bb4_4&#8243;][et_pb_button button_text=\u00bbACCEDE AL FORMULARIO DE CONTACTO PARA ASOCIACIONES\/ONGs\u00bb _builder_version=\u00bb4.27.8&#8243; _module_preset=\u00bbdefault\u00bb button_url=\u00bbhttps:\/\/forms.gle\/86X2YN97g5YddDiU7&#8243; hover_enabled=\u00bb0&#8243; sticky_enabled=\u00bb0&#8243; button_alignment=\u00bbcenter\u00bb box_shadow_style=\u00bbpreset4&#8243; animation_style=\u00bbfold\u00bb][\/et_pb_button][\/et_pb_column][\/et_pb_row][et_pb_row _builder_version=\u00bb4.27.8&#8243; _module_preset=\u00bbdefault\u00bb custom_margin=\u00bb-17px|auto||auto||\u00bb custom_padding=\u00bb12px|||||\u00bb global_colors_info=\u00bb{}\u00bb][et_pb_column type=\u00bb4_4&#8243; _builder_version=\u00bb4.27.8&#8243; _module_preset=\u00bbdefault\u00bb global_colors_info=\u00bb{}\u00bb][et_pb_cta button_text=\u00bbClics\u00bb _builder_version=\u00bb4.27.8&#8243; _module_preset=\u00bbdefault\u00bb global_colors_info=\u00bb{}\u00bb custom_padding=\u00bb||15px|||\u00bb]<\/p>\n<p>Para preguntas, dudas e informaci\u00f3n complementaria pod\u00e9is dirigiros a la Secretar\u00eda de la Feria<span style=\"text-decoration: underline;\"> a trav\u00e9s del mail o el tel\u00e9fono: 954187260.<\/span><\/p>\n<p>[\/et_pb_cta][\/et_pb_column][\/et_pb_row][\/et_pb_section]<\/p>\n","protected":false},"excerpt":{"rendered":"<p>Convocatoria Asociaciones y ONGsLa organizaci\u00f3n dispone de una bater\u00eda de posibilidades especiales de colaboraci\u00f3n para Asociaciones y ONGs para que estas enriquezcan los contenidos de la feria con sus actividades y mensaje.Para tener en cuenta vuestra voluntad de participaci\u00f3n completar el formulario de esta p\u00e1ginay nos pondremos en contacto con vosotros para a partir del [&hellip;]<\/p>\n","protected":false},"author":4,"featured_media":0,"parent":310,"menu_order":0,"comment_status":"closed","ping_status":"closed","template":"","meta":{"_et_pb_use_builder":"on","_et_pb_old_content":"","_et_gb_content_width":"","footnotes":""},"class_list":["post-3878","page","type-page","status-publish","hentry"],"_links":{"self":[{"href":"https:\/\/feriadelaciencia.org\/01_FERIACIENCIA\/index.php\/wp-json\/wp\/v2\/pages\/3878","targetHints":{"allow":["GET"]}}],"collection":[{"href":"https:\/\/feriadelaciencia.org\/01_FERIACIENCIA\/index.php\/wp-json\/wp\/v2\/pages"}],"about":[{"href":"https:\/\/feriadelaciencia.org\/01_FERIACIENCIA\/index.php\/wp-json\/wp\/v2\/types\/page"}],"author":[{"embeddable":true,"href":"https:\/\/feriadelaciencia.org\/01_FERIACIENCIA\/index.php\/wp-json\/wp\/v2\/users\/4"}],"replies":[{"embeddable":true,"href":"https:\/\/feriadelaciencia.org\/01_FERIACIENCIA\/index.php\/wp-json\/wp\/v2\/comments?post=3878"}],"version-history":[{"count":13,"href":"https:\/\/feriadelaciencia.org\/01_FERIACIENCIA\/index.php\/wp-json\/wp\/v2\/pages\/3878\/revisions"}],"predecessor-version":[{"id":3911,"href":"https:\/\/feriadelaciencia.org\/01_FERIACIENCIA\/index.php\/wp-json\/wp\/v2\/pages\/3878\/revisions\/3911"}],"up":[{"embeddable":true,"href":"https:\/\/feriadelaciencia.org\/01_FERIACIENCIA\/index.php\/wp-json\/wp\/v2\/pages\/310"}],"wp:attachment":[{"href":"https:\/\/feriadelaciencia.org\/01_FERIACIENCIA\/index.php\/wp-json\/wp\/v2\/media?parent=3878"}],"curies":[{"name":"wp","href":"https:\/\/api.w.org\/{rel}","templated":true}]}}

<p>[et_pb_section fb_built=»1&#8243; _builder_version=»4.16&#8243; _module_preset=»default» global_colors_info=»{}»][et_pb_row column_structure=»1_3,1_3,1_3&#8243; _builder_version=»4.16&#8243; _module_preset=»default» width=»51%» max_width=»1356px» module_alignment=»center» custom_margin=»-48px|auto||auto||» custom_padding=»9px|||||» global_colors_info=»{}»][et_pb_column type=»1_3&#8243; _builder_version=»4.16&#8243; _module_preset=»default» global_colors_info=»{}»][et_pb_image src=»https://feriadelaciencia.org/01_FERIACIENCIA/wp-content/uploads/2022/09/General-300&#215;200.jpg» title_text=»General» _builder_version=»4.27.8&#8243; _module_preset=»default» custom_margin=»||-28px|||» global_colors_info=»{}»][/et_pb_image][/et_pb_column][et_pb_column type=»1_3&#8243; _builder_version=»4.16&#8243; _module_preset=»default» global_colors_info=»{}»][et_pb_image src=»https://feriadelaciencia.org/01_FERIACIENCIA/wp-content/uploads/2022/09/Experimentos-quimica-300&#215;200.jpg» title_text=»Experimentos química» _builder_version=»4.16&#8243; _module_preset=»default» global_colors_info=»{}»][/et_pb_image][/et_pb_column][et_pb_column type=»1_3&#8243; _builder_version=»4.16&#8243; _module_preset=»default» global_colors_info=»{}»][et_pb_image src=»https://feriadelaciencia.org/01_FERIACIENCIA/wp-content/uploads/2022/09/feriaciencia2015-1-300&#215;194.jpg» title_text=»feriaciencia2015-1&#8243; _builder_version=»4.16&#8243; _module_preset=»default» global_colors_info=»{}»][/et_pb_image][/et_pb_column][/et_pb_row][et_pb_row _builder_version=»4.27.8&#8243; _module_preset=»default» custom_margin=»|auto|-24px|auto||» custom_padding=»0px|||||» global_colors_info=»{}»][et_pb_column type=»4_4&#8243; _builder_version=»4.16&#8243; _module_preset=»default» global_colors_info=»{}»][et_pb_text _builder_version=»4.27.8&#8243; _module_preset=»default» custom_margin=»-17px||-11px|||» custom_padding=»8px||3px|||» global_colors_info=»{}»]</p>
<h2 class="titulo-pagina" style="text-align: center;"><strong><span style="color: #0000ff;">Convocatoria Asociaciones y ONGs</span></strong></h2>
<p>[/et_pb_text][/et_pb_column][/et_pb_row][et_pb_row _builder_version=»4.27.8&#8243; _module_preset=»default» global_colors_info=»{}» custom_padding=»||0px|||»][et_pb_column type=»4_4&#8243; _builder_version=»4.27.8&#8243; _module_preset=»default» global_colors_info=»{}»][et_pb_divider _builder_version=»4.27.8&#8243; _module_preset=»default» custom_margin=»||-24px|||» global_colors_info=»{}»][/et_pb_divider][/et_pb_column][/et_pb_row][et_pb_row column_structure=»1_2,1_2&#8243; _builder_version=»4.27.8&#8243; _module_preset=»default» custom_padding=»8px|||||» global_colors_info=»{}»][et_pb_column type=»1_2&#8243; _builder_version=»4.27.8&#8243; _module_preset=»default» global_colors_info=»{}»][et_pb_cta button_text=»Clics» _builder_version=»4.27.8&#8243; _module_preset=»default» custom_padding=»19px||0px|||» global_colors_info=»{}»]</p>
<p><span style="font-size: medium;">La organización dispone de una batería de posibilidades especiales de colaboración para Asociaciones y ONGs para que estas enriquezcan los contenidos de la feria con sus actividades y mensaje.</span></p>
<p>[/et_pb_cta][/et_pb_column][et_pb_column type=»1_2&#8243; _builder_version=»4.27.8&#8243; _module_preset=»default» global_colors_info=»{}»][et_pb_cta button_text=»Clics» _builder_version=»4.27.8&#8243; _module_preset=»default» custom_padding=»19px||0px|||» global_colors_info=»{}»]</p>
<p><span style="font-size: medium;">Para tener en cuenta vuestra voluntad de participación completar el formulario de esta páginay nos pondremos en contacto con vosotros para a partir del mes de febrero de 2027. </span></p>
<p>[/et_pb_cta][/et_pb_column][/et_pb_row][et_pb_row _builder_version=»4.27.8&#8243; _module_preset=»default» custom_padding=»0px|||||»][et_pb_column _builder_version=»4.27.8&#8243; _module_preset=»default» type=»4_4&#8243;][et_pb_button button_text=»ACCEDE AL FORMULARIO DE CONTACTO PARA ASOCIACIONES/ONGs» _builder_version=»4.27.8&#8243; _module_preset=»default» button_url=»https://forms.gle/86X2YN97g5YddDiU7&#8243; hover_enabled=»0&#8243; sticky_enabled=»0&#8243; button_alignment=»center» box_shadow_style=»preset4&#8243; animation_style=»fold»][/et_pb_button][/et_pb_column][/et_pb_row][et_pb_row _builder_version=»4.27.8&#8243; _module_preset=»default» custom_margin=»-17px|auto||auto||» custom_padding=»12px|||||» global_colors_info=»{}»][et_pb_column type=»4_4&#8243; _builder_version=»4.27.8&#8243; _module_preset=»default» global_colors_info=»{}»][et_pb_cta button_text=»Clics» _builder_version=»4.27.8&#8243; _module_preset=»default» global_colors_info=»{}» custom_padding=»||15px|||»]</p>
<p>Para preguntas, dudas e información complementaria podéis dirigiros a la Secretaría de la Feria<span style="text-decoration: underline;"> a través del mail o el teléfono: 954187260.</span></p>
<p>[/et_pb_cta][/et_pb_column][/et_pb_row][/et_pb_section]</p>

<p>Convocatoria Asociaciones y ONGsLa organización dispone de una batería de posibilidades especiales de colaboración para Asociaciones y ONGs para que estas enriquezcan los contenidos de la feria con sus actividades y mensaje.Para tener en cuenta vuestra voluntad de participación completar el formulario de esta páginay nos pondremos en contacto con vosotros para a partir del [&hellip;]</p>
