{"id":3770,"date":"2026-08-26T08:13:26","date_gmt":"2026-08-26T06:13:26","guid":{"rendered":"https:\/\/feriadelaciencia.org\/01_FERIACIENCIA\/?page_id=3770"},"modified":"2026-09-01T08:22:12","modified_gmt":"2026-09-01T06:22:12","slug":"visitas-25a-feria-de-la-ciencia","status":"publish","type":"page","link":"https:\/\/feriadelaciencia.org\/01_FERIACIENCIA\/index.php\/visitas-25a-feria-de-la-ciencia\/","title":{"rendered":"Solicitud visitas"},"content":{"rendered":"<p>[et_pb_section fb_built=\u00bb1&#8243; _builder_version=\u00bb4.27.8&#8243; _module_preset=\u00bbdefault\u00bb custom_margin=\u00bb||-65px|||\u00bb custom_padding=\u00bb||15px|||\u00bb global_colors_info=\u00bb{}\u00bb][et_pb_row _builder_version=\u00bb4.27.8&#8243; _module_preset=\u00bbdefault\u00bb global_colors_info=\u00bb{}\u00bb][et_pb_column type=\u00bb4_4&#8243; _builder_version=\u00bb4.27.8&#8243; _module_preset=\u00bbdefault\u00bb global_colors_info=\u00bb{}\u00bb][et_pb_cta title=\u00bbINFORMACI\u00d3N RESERVAS 25\u00ba FERIA DE LA CIENCIA\u00bb button_text=\u00bbClics\u00bb _builder_version=\u00bb4.27.8&#8243; _module_preset=\u00bbdefault\u00bb custom_padding=\u00bb||6px|||\u00bb global_colors_info=\u00bb{}\u00bb]<\/p>\n<p style=\"text-align: center;\"><span style=\"font-size: large;\">El plazo para reservas de visitas de grupos organizados se abrir\u00e1 en <strong>MARZO de 2027<\/strong>.<\/span><\/p>\n<p style=\"text-align: center;\"><strong>Si quieres que te avisemos cuando se habra el plazo para realizar la reserva ap\u00fantate en el siguiente formulario<\/strong><\/p>\n<p>[\/et_pb_cta][\/et_pb_column][\/et_pb_row][et_pb_row _builder_version=\u00bb4.27.8&#8243; _module_preset=\u00bbdefault\u00bb hover_enabled=\u00bb0&#8243; global_colors_info=\u00bb{}\u00bb sticky_enabled=\u00bb0&#8243; width=\u00bb19.9%\u00bb custom_margin=\u00bb|auto||726px||\u00bb custom_padding=\u00bb||20px|||\u00bb][et_pb_column type=\u00bb4_4&#8243; _builder_version=\u00bb4.27.8&#8243; _module_preset=\u00bbdefault\u00bb hover_enabled=\u00bb0&#8243; global_colors_info=\u00bb{}\u00bb sticky_enabled=\u00bb0&#8243;][et_pb_button button_text=\u00bbACCEDE AL FORMULARIO\u00bb _builder_version=\u00bb4.27.8&#8243; _module_preset=\u00bbdefault\u00bb hover_enabled=\u00bb0&#8243; sticky_enabled=\u00bb0&#8243; custom_button=\u00bbon\u00bb button_text_size=\u00bb35px\u00bb custom_margin=\u00bb|-144px||||\u00bb box_shadow_style=\u00bbpreset6&#8243; button_url=\u00bbhttps:\/\/forms.gle\/WmYp9JMJXaC7v3hR6&#8243;][\/et_pb_button][\/et_pb_column][\/et_pb_row][\/et_pb_section]<\/p>\n","protected":false},"excerpt":{"rendered":"<p>El plazo para reservas de visitas de grupos organizados se abrir\u00e1 en MARZO de 2027. Si quieres que te avisemos cuando se habra el plazo para realizar la reserva ap\u00fantate en el siguiente formulario<\/p>\n","protected":false},"author":4,"featured_media":0,"parent":0,"menu_order":0,"comment_status":"closed","ping_status":"closed","template":"","meta":{"_et_pb_use_builder":"on","_et_pb_old_content":"<p style=\"text-align: center;\">El plazo para reservas de visitas de grupos organizados se abrir\u00e1 en mayo de 2027.<\/p><p style=\"text-align: center;\">Si necesita m\u00e1s informaci\u00f3n sobre las mismas, solicitar que a\u00f1adamos su email a lista de correo y\/o hacer una prerreserva de d\u00eda de visita, puede escribirnos a secretaria@feriadelaciencia.org\u00a0<\/p><p>\u00a0<\/p>","_et_gb_content_width":"","footnotes":""},"class_list":["post-3770","page","type-page","status-publish","hentry"],"_links":{"self":[{"href":"https:\/\/feriadelaciencia.org\/01_FERIACIENCIA\/index.php\/wp-json\/wp\/v2\/pages\/3770","targetHints":{"allow":["GET"]}}],"collection":[{"href":"https:\/\/feriadelaciencia.org\/01_FERIACIENCIA\/index.php\/wp-json\/wp\/v2\/pages"}],"about":[{"href":"https:\/\/feriadelaciencia.org\/01_FERIACIENCIA\/index.php\/wp-json\/wp\/v2\/types\/page"}],"author":[{"embeddable":true,"href":"https:\/\/feriadelaciencia.org\/01_FERIACIENCIA\/index.php\/wp-json\/wp\/v2\/users\/4"}],"replies":[{"embeddable":true,"href":"https:\/\/feriadelaciencia.org\/01_FERIACIENCIA\/index.php\/wp-json\/wp\/v2\/comments?post=3770"}],"version-history":[{"count":15,"href":"https:\/\/feriadelaciencia.org\/01_FERIACIENCIA\/index.php\/wp-json\/wp\/v2\/pages\/3770\/revisions"}],"predecessor-version":[{"id":3990,"href":"https:\/\/feriadelaciencia.org\/01_FERIACIENCIA\/index.php\/wp-json\/wp\/v2\/pages\/3770\/revisions\/3990"}],"wp:attachment":[{"href":"https:\/\/feriadelaciencia.org\/01_FERIACIENCIA\/index.php\/wp-json\/wp\/v2\/media?parent=3770"}],"curies":[{"name":"wp","href":"https:\/\/api.w.org\/{rel}","templated":true}]}}

<p>[et_pb_section fb_built=»1&#8243; _builder_version=»4.27.8&#8243; _module_preset=»default» custom_margin=»||-65px|||» custom_padding=»||15px|||» global_colors_info=»{}»][et_pb_row _builder_version=»4.27.8&#8243; _module_preset=»default» global_colors_info=»{}»][et_pb_column type=»4_4&#8243; _builder_version=»4.27.8&#8243; _module_preset=»default» global_colors_info=»{}»][et_pb_cta title=»INFORMACIÓN RESERVAS 25º FERIA DE LA CIENCIA» button_text=»Clics» _builder_version=»4.27.8&#8243; _module_preset=»default» custom_padding=»||6px|||» global_colors_info=»{}»]</p>
<p style="text-align: center;"><span style="font-size: large;">El plazo para reservas de visitas de grupos organizados se abrirá en <strong>MARZO de 2027</strong>.</span></p>
<p style="text-align: center;"><strong>Si quieres que te avisemos cuando se habra el plazo para realizar la reserva apúntate en el siguiente formulario</strong></p>
<p>[/et_pb_cta][/et_pb_column][/et_pb_row][et_pb_row _builder_version=»4.27.8&#8243; _module_preset=»default» hover_enabled=»0&#8243; global_colors_info=»{}» sticky_enabled=»0&#8243; width=»19.9%» custom_margin=»|auto||726px||» custom_padding=»||20px|||»][et_pb_column type=»4_4&#8243; _builder_version=»4.27.8&#8243; _module_preset=»default» hover_enabled=»0&#8243; global_colors_info=»{}» sticky_enabled=»0&#8243;][et_pb_button button_text=»ACCEDE AL FORMULARIO» _builder_version=»4.27.8&#8243; _module_preset=»default» hover_enabled=»0&#8243; sticky_enabled=»0&#8243; custom_button=»on» button_text_size=»35px» custom_margin=»|-144px||||» box_shadow_style=»preset6&#8243; button_url=»https://forms.gle/WmYp9JMJXaC7v3hR6&#8243;][/et_pb_button][/et_pb_column][/et_pb_row][/et_pb_section]</p>

<p>El plazo para reservas de visitas de grupos organizados se abrirá en MARZO de 2027. Si quieres que te avisemos cuando se habra el plazo para realizar la reserva apúntate en el siguiente formulario</p>

<p style="text-align: center;">El plazo para reservas de visitas de grupos organizados se abrirá en mayo de 2027.</p><p style="text-align: center;">Si necesita más información sobre las mismas, solicitar que añadamos su email a lista de correo y/o hacer una prerreserva de día de visita, puede escribirnos a secretaria@feriadelaciencia.org </p><p> </p>
